of 3891170?
3
What is the units digit of 194106?
6
What is the millions digit of 3467921?
3
What is the tens digit of 5148819?
1
What is the tens digit of 408475?
7
What is the tens digit of 3113534?
3
What is the hundred thousands digit of 985225?
9
What is the ten thousands digit of 421444?
2
What is the millions digit of 5597161?
5
What is the units digit of 211145?
5
What is the millions digit of 1575759?
1
What is the tens digit of 805546?
4
What is the tens digit of 274365?
6
What is the hundreds digit of 206559?
5
What is the tens digit of 4708?
0
What is the tens digit of 17080787?
8
What is the tens digit of 1134648?
4
What is the thousands digit of 232024?
2
What is the units digit of 8630?
0
What is the thousands digit of 784466?
4
What is the thousands digit of 7652389?
2
What is the tens digit of 423729?
2
What is the hundred thousands digit of 374715?
3
What is the hundreds digit of 67400?
4
What is the thousands digit of 75491?
5
What is the tens digit of 951798?
9
What is the units digit of 3113991?
1
What is the hundreds digit of 204063?
0
What is the thousands digit of 276557?
6
What is the hundreds digit of 9782409?
4
What is the ten thousands digit of 2332723?
3
What is the millions digit of 1403947?
1
What is the ten thousands digit of 250826?
5
What is the thousands digit of 182199?
2
What is the hundreds digit of 846152?
1
What is the millions digit of 8606267?
8
What is the hundreds digit of 1251447?
4
What is the hundred thousands digit of 213801?
2
What is the hundred thousands digit of 1348806?
3
What is the tens digit of 252155?
5
What is the ten thousands digit of 249655?
4
What is the units digit of 460883?
3
What is the ten thousands digit of 2004753?
0
What is the hundreds digit of 242742?
7
What is the ten thousands digit of 18493?
1
What is the thousands digit of 3037160?
7
What is the ten thousands digit of 12169820?
6
What is the hundreds digit of 8771747?
7
What is the units digit of 4823474?
4
What is the hundreds digit of 338418?
4
What is the tens digit of 589726?
2
What is the units digit of 704881?
1
What is the units digit of 17936?
6
What is the thousands digit of 12061700?
1
What is the hundreds digit of 1729401?
4
What is the hundred thousands digit of 911197?
9
What is the tens digit of 16282024?
2
What is the tens digit of 1903085?
8
What is the hundreds digit of 12916590?
5
What is the ten millions digit of 20329963?
2
What is the ten thousands digit of 238886?
3
What is the hundreds digit of 130771?
7
What is the tens digit of 35554004?
0
What is the units digit of 442046?
6
What is the hundreds digit of 90613?
6
What is the thousands digit of 150235?
0
What is the thousands digit of 11601945?
1
What is the millions digit of 1003248?
1
What is the ten thousands digit of 861100?
6
What is the units digit of 91030?
0
What is the tens digit of 241659?
5
What is the millions digit of 1329177?
1
What is the thousands digit of 4169810?
9
What is the ten thousands digit of 3364849?
6
What is the hundreds digit of 468225?
2
What is the millions digit of 6409008?
6
What is the thousands digit of 261211?
1
What is the tens digit of 63106?
0
What is the units digit of 161748?
8
What is the millions digit of 4916383?
4
What is the thousands digit of 1838532?
8
What is the units digit of 390986?
6
What is the tens digit of 74560?
6
What is the hundred thousands digit of 7739085?
7
What is the hundred thousands digit of 1631415?
6
What is the hundreds digit of 318780?
7
What is the thousands digit of 321581?
1
What is the millions digit of 1125246?
1
What is the hundreds digit of 325909?
9
What is the thousands digit of 353211?
3
What is the millions digit of 11251320?
1
What is the hundred thousands digit of 565566?
5
What is the thousands digit of 20928561?
8
What is the hundreds digit of 991743?
7
What is the thousands digit of 848426?
8
What is the hundred thousands digit of 628848?
6
What is the units digit of 2769433?
3
What is the units digit of 1456266?
6
What is the thousands digit of 1179069?
9
What is the ten thousands digit of 1018422?
1
What is the hundred thousands digit of 9098444?
0
What is the hundreds digit of 4711035?
0
What is the units digit of 256315?
5
What is the hundreds digit of 1860751?
7
What is the thousands digit of 6269685?
9
What is the hundred thousands digit of 2555520?
5
What is the hundreds digit of 257388?
3
What is the units digit of 387024?
4
What is the hundred thousands digit of 144362?
1
What is the hundred thousands digit of 169661?
1
What is the millions digit of 39846154?
9
What is the ten thousands digit of 179870?
7
What is the thousands digit of 25231129?
1
What is the ten millions digit of 27920870?
2
What is the ten thousands digit of 488528?
8
What is the tens digit of 110349?
4
What is the millions digit of 14452792?
4
What is the tens digit of 700362?
6
What is the millions digit of 10239393?
0
What is the units digit of 10983434?
4
What is the units digit of 135813?
3
What is the ten millions digit of 12236439?
1
What is the hundreds digit of 67383?
3
What is the thousands digit of 372375?
2
What is the units digit of 8771024?
4
What is the tens digit of 19999?
9
What is the units digit of 59681?
1
What is the hundred thousands digit of 364442?
3
What is the units digit of 47362?
2
What is the millions digit of 1011338?
1
What is the ten thousands digit of 326588?
2
What is the ten millions digit of 26318937?
2
What is the tens digit of 9146588?
8
What is the millions digit of 2994306?
2
What is the tens digit of 5407355?
5
What is the millions digit of 1777111?
1
What is the units digit of 65352?
2
What is the thousands digit of 4284306?
4
What is the tens digit of 285590?
9
What is the millions digit of 1062055?
1
What is the millions digit of 1282015?
1
What is the hundreds digit of 604863?
8
What is the thousands digit of 10484502?
4
What is the tens digit of 42352?
5
What is the hundred thousands digit of 5528454?
5
What is the hundreds digit of 5528008?
0
What is the units digit of 677763?
3
What is the hundreds digit of 225763?
7
What is the millions digit of 1184586?
1
What is the units digit of 58120?
0
What is the hundreds digit of 6816338?
3
What is the hundreds digit of 88359?
3
What is the units digit of 1002051?
1
What is the hundred thousands digit of 12567509?
5
What is the tens digit of 871070?
7
What is the tens digit of 199294?
9
What is the units digit of 4162075?
5
What is the tens digit of 21520639?
3
What is the ten thousands digit of 278429?
7
What is the hundred thousands digit of 837377?
8
What is the tens digit of 79475?
7
What is the hundreds digit of 281655?
6
What is the hundreds digit of 424673?
6
What is the thousands digit of 209404?
9
What is the hundreds digit of 945082?
0
What is the hundred thousands digit of 103578?
1
What is the ten thousands digit of 3317287?
1
What is the hundreds digit of 62467?
4
What is the tens digit of 16616911?
1
What is the hundreds digit of 120945?
9
What is the hundreds digit of 22624053?
0
What is the hundreds digit of 411276?
2
What is the hundreds digit of 1065?
0
What is the ten thousands digit of 1518852?
1
What is the ten thousands digit of 197205?
9
What is the tens digit of 398303?
0
What is the hundreds digit of 463515?
5
What is the thousands digit of 1499441?
9
What is the ten millions digit of 41032172?
4
What is the hundreds digit of 326359?
3
What is the hundreds digit of 3678901?
9
What is the millions digit of 17887181?
7
What is the tens digit of 7405013?
1
What is the hundred thousands digit of 648131?
6
What is the millions digit of 6015136?
6
What is the thousands digit of 3354606?
4
What is the hundred thousands digit of 10771950?
7
What is the hundred thousands digit of 13988759?
9
What is the units digit of 75405?
5
What is the hundred thousands digit of 1118244?
1
What is the hundred thousands digit of 6013021?
0
What is the hundred thousands digit of 211377?
2
What is the hundred thousands digit of 1569813?
5
What is the millions digit of 1441931?
1
What is the tens digit of 11628800?
0
What is the tens digit of 295345?
4
What is the tens digit of 6549351?
5
What is the thousands digit of 378792?
8
What is the thousands digit of 2846521?
6
What is the hundreds